173
Calculate the highest common factor of 51 and 1919793.
51
Calculate the greatest common divisor of 1876 and 4154.
134
What is the highest common factor of 60 and 9283620?
60
What is the highest common divisor of 551 and 67944?
19
Calculate the greatest common factor of 200 and 357760.
40
What is the highest common divisor of 265359 and 449?
449
Calculate the greatest common divisor of 2145 and 9152.
143
Calculate the greatest common divisor of 70389 and 243.
81
What is the greatest common divisor of 6650 and 100?
50
What is the highest common factor of 58817 and 77?
11
What is the greatest common divisor of 312259 and 610?
61
What is the greatest common factor of 43057 and 497?
7
What is the highest common factor of 2491 and 11448?
53
Calculate the greatest common divisor of 560643 and 2091.
51
Calculate the greatest common divisor of 59337 and 3470.
347
What is the highest common factor of 2278 and 2345?
67
What is the greatest common divisor of 1915 and 15703?
383
Calculate the highest common divisor of 55860 and 3444.
84
Calculate the greatest common divisor of 2100544 and 320.
64
Calculate the highest common divisor of 256020 and 30.
30
Calculate the highest common factor of 119642 and 1468.
734
What is the highest common factor of 272 and 2256?
16
Calculate the greatest common factor of 3815 and 58310.
35
What is the greatest common divisor of 1285870 and 1490?
1490
What is the greatest common divisor of 1479067 and 122?
61
Calculate the greatest common divisor of 208 and 196573.
13
What is the highest common factor of 40 and 375660?
20
What is the highest common factor of 69 and 219?
3
What is the highest common factor of 3349 and 6501?
197
Calculate the greatest common factor of 152 and 176.
8
What is the greatest common divisor of 62175 and 50?
25
What is the highest common divisor of 2152049 and 41?
41
What is the greatest common factor of 52 and 345501?
13
What is the highest common divisor of 29 and 420906?
29
Calculate the greatest common divisor of 672 and 42896.
112
Calculate the greatest common divisor of 1490 and 446106.
298
What is the highest common factor of 6587 and 7?
7
What is the greatest common factor of 135 and 8151705?
135
Calculate the highest common divisor of 4069 and 6747.
13
What is the greatest common factor of 5604 and 4656?
12
Calculate the highest common factor of 162 and 598671.
81
What is the highest common factor of 558 and 4526?
62
What is the greatest common divisor of 455 and 43610?
35
What is the greatest common factor of 24978 and 276?
138
What is the greatest common factor of 1507 and 12193?
137
Calculate the highest common divisor of 1767 and 1482.
57
Calculate the highest common divisor of 27088 and 16.
16
Calculate the greatest common factor of 961047 and 18.
9
What is the highest common divisor of 15 and 660?
15
Calculate the greatest common divisor of 14910 and 4445.
35
Calculate the highest common factor of 115905 and 585.
15
Calculate the greatest common factor of 1572 and 636.
12
What is the greatest common factor of 262 and 471862?
262
Calculate the highest common divisor of 4384 and 160.
32
Calculate the greatest common factor of 2387 and 55149.
31
Calculate the greatest common factor of 168 and 74172.
84
What is the highest common divisor of 28170 and 1305?
45
What is the highest common divisor of 1372 and 54?
2
Calculate the highest common factor of 145 and 8190.
5
Calculate the greatest common divisor of 436 and 8066.
218
What is the highest common divisor of 448 and 192?
64
Calculate the greatest common factor of 386838 and 72.
18
Calculate the greatest common factor of 225 and 1195.
5
What is the highest common factor of 20 and 91412?
4
Calculate the greatest common factor of 7716 and 228.
12
What is the greatest common factor of 8550 and 47082?
114
Calculate the highest common divisor of 74697 and 105.
21
Calculate the greatest common divisor of 1197 and 3780.
63
What is the highest common factor of 159 and 93?
3
What is the greatest common divisor of 702068 and 3340?
668
What is the greatest common divisor of 33120 and 69?
69
What is the highest common divisor of 15675 and 9785?
95
Calculate the greatest common divisor of 1289651 and 11.
11
What is the greatest common factor of 2 and 145846?
2
What is the highest common factor of 142 and 208882?
142
Calculate the greatest common divisor of 656 and 762313.
41
What is the highest common divisor of 12061 and 378?
7
What is the greatest common divisor of 2154 and 10?
2
Calculate the highest common factor of 875556 and 363.
363
What is the greatest common factor of 966715 and 27376?
1711
What is the greatest common divisor of 5 and 2975235?
5
Calculate the highest common factor of 14677308 and 111.
111
What is the highest common factor of 2662 and 26290?
22
What is the greatest common divisor of 8755 and 371830?
515
Calculate the highest common factor of 33 and 1899.
3
Calculate the highest common divisor of 2418 and 17670.
186
What is the greatest common divisor of 617745 and 15?
15
What is the greatest common factor of 1739 and 2303?
47
Calculate the greatest common divisor of 354695 and 55.
55
What is the greatest common factor of 891 and 49401?
99
Calculate the highest common factor of 2644 and 1.
1
Calculate the highest common divisor of 173 and 228187.
173
Calculate the highest common divisor of 10104 and 1416.
24
What is the highest common divisor of 18 and 30663?
9
Calculate the highest common factor of 30 and 3513705.
15
What is the greatest common factor of 2610 and 360?
90
What is the greatest common factor of 49806 and 432?
18
What is the highest common factor of 11285 and 777?
37
Calculate the highest common factor of 124 and 96348.
124
What is the highest common divisor of 162968 and 598?
26
Calculate the greatest common divisor of 4178979 and 378.
189
Calculate the greatest common factor of 1015120 and 40.
40
What is the greatest common divisor of 1065 and 282651?
213
What is the highest common divisor of 83928 and 36504?
312
Calculate the highest common divisor of 21836 and 12566.
206
Calculate the highest common factor of 14 and 804748.
14
What is the highest common factor of 14072749 and 19?
19
What is the highest common factor of 588 and 592?
4
What is the greatest common divisor of 62 and 2637511?
31
Calculate the greatest common divisor of 4264 and 3772.
164
Calculate the greatest common factor of 6229421 and 11.
11
Calculate the highest common divisor of 2733 and 143938.
911
What is the highest common divisor of 4636 and 244?
244
What is the greatest common factor of 316710 and 6426?
918
Calculate the highest common factor of 202911 and 239.
239
What is the highest common factor of 55396 and 264?
44
Calculate the greatest common factor of 1697 and 14938691.
1697
Calculate the greatest common divisor of 1286 and 1570849.
643
What is the greatest common factor of 2582372 and 689?
689
What is the greatest common divisor of 776 and 48694?
194
What is the greatest common divisor of 69 and 236463?
69
What is the highest common divisor of 184680 and 4864?
152
Calculate the highest common factor of 86 and 32551.
43
Calculate the greatest common divisor of 342 and 1348734.
114
What is the highest common divisor of 1597333 and 191?
191
Calculate the greatest common divisor of 4779 and 4071.
177
What is the highest common factor of 17451 and 2?
1
What is the greatest common factor of 4980 and 210?
30
What is the greatest common factor of 1215 and 27765?
45
What is the highest common factor of 245 and 375515?
35
What is the greatest common factor of 243250 and 112?
14
What is the highest common divisor of 1145750 and 250?
250
Calculate the greatest common divisor of 31968 and 160839.
999
What is the highest common divisor of 364 and 26299?
91
Calculate the greatest common divisor of 306 and 1099730.
34
What is the highest common divisor of 433384 and 952?
56
Calculate the greatest common divisor of 795154 and 82.
82
Calculate the greatest common divisor of 749 and 35.
7
What is the greatest common divisor of 15827 and 2907?
323
What is the highest common divisor of 946 and 642807?
473
What is the greatest common factor of 6066 and 1685?
337
What is the highest common factor of 1365 and 3220?
35
What is the highest commo